{"id":3610,"date":"2020-07-23T17:29:55","date_gmt":"2020-07-23T17:29:55","guid":{"rendered":"https:\/\/arte351.pt\/art\/?page_id=3610"},"modified":"2020-07-23T17:32:15","modified_gmt":"2020-07-23T17:32:15","slug":"habemus-artem-renato-rodyner","status":"publish","type":"page","link":"https:\/\/arte351.pt\/art\/habemus-artem-renato-rodyner\/","title":{"rendered":"HABEMUS ARTEM &#8211; Renato Rodyner"},"content":{"rendered":"<p><!--begin kunstmatrix--> <iframe src=\"https:\/\/art.kunstmatrix.com\/apps\/artspaces\/index.html?external=true&amp;splashscreen=true&amp;language=en&amp;uid=19224&amp;exhibition=1136142\" width=\"100%\" height=\"600\" frameborder=\"0\" scrolling=\"no\" allowfullscreen=\"allowfullscreen\"><\/iframe><!--end kunstmatrix--><\/p>\n<p>O artista, galerista e curador Renato Rodyner inaugura a exposi\u00e7\u00e3o virtual \u201cRetroactiva\u201d por meio do projeto Habemus Artem. A exposi\u00e7\u00e3o fica patente at\u00e9 o dia 12 de agosto de 2020.<\/p>\n<p>O projeto Habemus Artem \u00e9 uma parceria entre arte351.pt e rrodynergallery.com e tem como objetivo a produ\u00e7\u00e3o de exposi\u00e7\u00e3o virtual, bem como a divulga\u00e7\u00e3o em m\u00faltiplos canais para ajudar na promo\u00e7\u00e3o de artistas e de suas obras.<\/p>\n<p><strong><span style=\"color: #993366;\"><a style=\"color: #993366;\" href=\"https:\/\/rrodynergallery.com\/formulario-de-compra\/\" target=\"_blank\" rel=\"noopener noreferrer\">Adquira as obras de Renato Rodyner AQUI!<\/a><\/span><\/strong><\/p>\n","protected":false},"excerpt":{"rendered":"<p>O artista, galerista e curador Renato Rodyner inaugura a exposi\u00e7\u00e3o virtual \u201cRetroactiva\u201d por meio do projeto Habemus Artem. A exposi\u00e7\u00e3o fica patente at\u00e9 o dia 12 de agosto de 2020. [&hellip;]<\/p>\n","protected":false},"author":34415,"featured_media":0,"parent":0,"menu_order":0,"comment_status":"closed","ping_status":"closed","template":"","meta":{"_exactmetrics_skip_tracking":false,"_exactmetrics_sitenote_active":false,"_exactmetrics_sitenote_note":"","_exactmetrics_sitenote_category":0,"_uf_show_specific_survey":0,"_uf_disable_surveys":false,"footnotes":""},"class_list":["post-3610","page","type-page","status-publish","hentry"],"yoast_head":"<!-- This site is optimized with the Yoast SEO plugin v27.3 - https:\/\/yoast.com\/product\/yoast-seo-wordpress\/ -->\n<title>HABEMUS ARTEM - Renato Rodyner - Arte351 - Art Magazine Portugal<\/title>\n<meta name=\"robots\" content=\"index, follow, max-snippet:-1, max-image-preview:large, max-video-preview:-1\" \/>\n<link rel=\"canonical\" href=\"https:\/\/arte351.pt\/art\/habemus-artem-renato-rodyner\/\" \/>\n<meta property=\"og:locale\" content=\"pt_BR\" \/>\n<meta property=\"og:type\" content=\"article\" \/>\n<meta property=\"og:title\" content=\"HABEMUS ARTEM - Renato Rodyner - Arte351 - Art Magazine Portugal\" \/>\n<meta property=\"og:description\" content=\"O artista, galerista e curador Renato Rodyner inaugura a exposi\u00e7\u00e3o virtual \u201cRetroactiva\u201d por meio do projeto Habemus Artem. A exposi\u00e7\u00e3o fica patente at\u00e9 o dia 12 de agosto de 2020. [&hellip;]\" \/>\n<meta property=\"og:url\" content=\"https:\/\/arte351.pt\/art\/habemus-artem-renato-rodyner\/\" \/>\n<meta property=\"og:site_name\" content=\"Arte351 - Art Magazine Portugal\" \/>\n<meta property=\"article:publisher\" content=\"https:\/\/www.facebook.com\/arte351magazine\/\" \/>\n<meta property=\"article:modified_time\" content=\"2020-07-23T17:32:15+00:00\" \/>\n<script type=\"application\/ld+json\" class=\"yoast-schema-graph\">{\"@context\":\"https:\\\/\\\/schema.org\",\"@graph\":[{\"@type\":\"WebPage\",\"@id\":\"https:\\\/\\\/arte351.pt\\\/art\\\/habemus-artem-renato-rodyner\\\/\",\"url\":\"https:\\\/\\\/arte351.pt\\\/art\\\/habemus-artem-renato-rodyner\\\/\",\"name\":\"HABEMUS ARTEM - Renato Rodyner - Arte351 - Art Magazine Portugal\",\"isPartOf\":{\"@id\":\"https:\\\/\\\/arte351.pt\\\/art\\\/#website\"},\"datePublished\":\"2020-07-23T17:29:55+00:00\",\"dateModified\":\"2020-07-23T17:32:15+00:00\",\"breadcrumb\":{\"@id\":\"https:\\\/\\\/arte351.pt\\\/art\\\/habemus-artem-renato-rodyner\\\/#breadcrumb\"},\"inLanguage\":\"pt-BR\",\"potentialAction\":[{\"@type\":\"ReadAction\",\"target\":[\"https:\\\/\\\/arte351.pt\\\/art\\\/habemus-artem-renato-rodyner\\\/\"]}]},{\"@type\":\"BreadcrumbList\",\"@id\":\"https:\\\/\\\/arte351.pt\\\/art\\\/habemus-artem-renato-rodyner\\\/#breadcrumb\",\"itemListElement\":[{\"@type\":\"ListItem\",\"position\":1,\"name\":\"In\u00edcio\",\"item\":\"https:\\\/\\\/arte351.pt\\\/art\\\/\"},{\"@type\":\"ListItem\",\"position\":2,\"name\":\"HABEMUS ARTEM &#8211; Renato Rodyner\"}]},{\"@type\":\"WebSite\",\"@id\":\"https:\\\/\\\/arte351.pt\\\/art\\\/#website\",\"url\":\"https:\\\/\\\/arte351.pt\\\/art\\\/\",\"name\":\"Arte351 - Art Magazine Portugal\",\"description\":\"\",\"publisher\":{\"@id\":\"https:\\\/\\\/arte351.pt\\\/art\\\/#organization\"},\"potentialAction\":[{\"@type\":\"SearchAction\",\"target\":{\"@type\":\"EntryPoint\",\"urlTemplate\":\"https:\\\/\\\/arte351.pt\\\/art\\\/?s={search_term_string}\"},\"query-input\":{\"@type\":\"PropertyValueSpecification\",\"valueRequired\":true,\"valueName\":\"search_term_string\"}}],\"inLanguage\":\"pt-BR\"},{\"@type\":\"Organization\",\"@id\":\"https:\\\/\\\/arte351.pt\\\/art\\\/#organization\",\"name\":\"Arte351 - Art Magazine Portugal\",\"url\":\"https:\\\/\\\/arte351.pt\\\/art\\\/\",\"logo\":{\"@type\":\"ImageObject\",\"inLanguage\":\"pt-BR\",\"@id\":\"https:\\\/\\\/arte351.pt\\\/art\\\/#\\\/schema\\\/logo\\\/image\\\/\",\"url\":\"https:\\\/\\\/arte351.pt\\\/art\\\/wp-content\\\/uploads\\\/2020\\\/03\\\/cropped-logo-arte351-color.png\",\"contentUrl\":\"https:\\\/\\\/arte351.pt\\\/art\\\/wp-content\\\/uploads\\\/2020\\\/03\\\/cropped-logo-arte351-color.png\",\"width\":514,\"height\":200,\"caption\":\"Arte351 - Art Magazine Portugal\"},\"image\":{\"@id\":\"https:\\\/\\\/arte351.pt\\\/art\\\/#\\\/schema\\\/logo\\\/image\\\/\"},\"sameAs\":[\"https:\\\/\\\/www.facebook.com\\\/arte351magazine\\\/\"]}]}<\/script>\n<!-- \/ Yoast SEO plugin. -->","yoast_head_json":{"title":"HABEMUS ARTEM - Renato Rodyner - Arte351 - Art Magazine Portugal","robots":{"index":"index","follow":"follow","max-snippet":"max-snippet:-1","max-image-preview":"max-image-preview:large","max-video-preview":"max-video-preview:-1"},"canonical":"https:\/\/arte351.pt\/art\/habemus-artem-renato-rodyner\/","og_locale":"pt_BR","og_type":"article","og_title":"HABEMUS ARTEM - Renato Rodyner - Arte351 - Art Magazine Portugal","og_description":"O artista, galerista e curador Renato Rodyner inaugura a exposi\u00e7\u00e3o virtual \u201cRetroactiva\u201d por meio do projeto Habemus Artem. A exposi\u00e7\u00e3o fica patente at\u00e9 o dia 12 de agosto de 2020. [&hellip;]","og_url":"https:\/\/arte351.pt\/art\/habemus-artem-renato-rodyner\/","og_site_name":"Arte351 - Art Magazine Portugal","article_publisher":"https:\/\/www.facebook.com\/arte351magazine\/","article_modified_time":"2020-07-23T17:32:15+00:00","schema":{"@context":"https:\/\/schema.org","@graph":[{"@type":"WebPage","@id":"https:\/\/arte351.pt\/art\/habemus-artem-renato-rodyner\/","url":"https:\/\/arte351.pt\/art\/habemus-artem-renato-rodyner\/","name":"HABEMUS ARTEM - Renato Rodyner - Arte351 - Art Magazine Portugal","isPartOf":{"@id":"https:\/\/arte351.pt\/art\/#website"},"datePublished":"2020-07-23T17:29:55+00:00","dateModified":"2020-07-23T17:32:15+00:00","breadcrumb":{"@id":"https:\/\/arte351.pt\/art\/habemus-artem-renato-rodyner\/#breadcrumb"},"inLanguage":"pt-BR","potentialAction":[{"@type":"ReadAction","target":["https:\/\/arte351.pt\/art\/habemus-artem-renato-rodyner\/"]}]},{"@type":"BreadcrumbList","@id":"https:\/\/arte351.pt\/art\/habemus-artem-renato-rodyner\/#breadcrumb","itemListElement":[{"@type":"ListItem","position":1,"name":"In\u00edcio","item":"https:\/\/arte351.pt\/art\/"},{"@type":"ListItem","position":2,"name":"HABEMUS ARTEM &#8211; Renato Rodyner"}]},{"@type":"WebSite","@id":"https:\/\/arte351.pt\/art\/#website","url":"https:\/\/arte351.pt\/art\/","name":"Arte351 - Art Magazine Portugal","description":"","publisher":{"@id":"https:\/\/arte351.pt\/art\/#organization"},"potentialAction":[{"@type":"SearchAction","target":{"@type":"EntryPoint","urlTemplate":"https:\/\/arte351.pt\/art\/?s={search_term_string}"},"query-input":{"@type":"PropertyValueSpecification","valueRequired":true,"valueName":"search_term_string"}}],"inLanguage":"pt-BR"},{"@type":"Organization","@id":"https:\/\/arte351.pt\/art\/#organization","name":"Arte351 - Art Magazine Portugal","url":"https:\/\/arte351.pt\/art\/","logo":{"@type":"ImageObject","inLanguage":"pt-BR","@id":"https:\/\/arte351.pt\/art\/#\/schema\/logo\/image\/","url":"https:\/\/arte351.pt\/art\/wp-content\/uploads\/2020\/03\/cropped-logo-arte351-color.png","contentUrl":"https:\/\/arte351.pt\/art\/wp-content\/uploads\/2020\/03\/cropped-logo-arte351-color.png","width":514,"height":200,"caption":"Arte351 - Art Magazine Portugal"},"image":{"@id":"https:\/\/arte351.pt\/art\/#\/schema\/logo\/image\/"},"sameAs":["https:\/\/www.facebook.com\/arte351magazine\/"]}]}},"_links":{"self":[{"href":"https:\/\/arte351.pt\/art\/wp-json\/wp\/v2\/pages\/3610","targetHints":{"allow":["GET"]}}],"collection":[{"href":"https:\/\/arte351.pt\/art\/wp-json\/wp\/v2\/pages"}],"about":[{"href":"https:\/\/arte351.pt\/art\/wp-json\/wp\/v2\/types\/page"}],"author":[{"embeddable":true,"href":"https:\/\/arte351.pt\/art\/wp-json\/wp\/v2\/users\/34415"}],"replies":[{"embeddable":true,"href":"https:\/\/arte351.pt\/art\/wp-json\/wp\/v2\/comments?post=3610"}],"version-history":[{"count":2,"href":"https:\/\/arte351.pt\/art\/wp-json\/wp\/v2\/pages\/3610\/revisions"}],"predecessor-version":[{"id":3612,"href":"https:\/\/arte351.pt\/art\/wp-json\/wp\/v2\/pages\/3610\/revisions\/3612"}],"wp:attachment":[{"href":"https:\/\/arte351.pt\/art\/wp-json\/wp\/v2\/media?parent=3610"}],"curies":[{"name":"wp","href":"https:\/\/api.w.org\/{rel}","templated":true}]}}